 14. Let g(x) = -10*m(x) - 4*r(x). Determine g(-2).
-4
Let w be (5/(-3))/(80/(-288)). Let h be (-5)/((-15)/18 - 1/w). Let m(q) be the third derivative of -q**4/12 + 7*q**3/6 + q**2. Give m(h).
-3
Suppose -18*m - 51 = 3*k - 22*m, 4 = -k - 3*m. Let g(b) = -b**3 - 14*b**2 - 13*b + 9. What is g(k)?
9
Let j be 3/2*88/33. Suppose 2*l + 5*w - 28 = -6, -4*l + 20 = j*w. Let s(g) = -19*g + 8*g + 9 + 12*g + l + g**2. Determine s(0).
10
Let a(q) = 115*q**3 - 116*q**3 + 6*q - 3*q + q + 6*q**2. Let s be 16/(-56) - 172/(-14). Suppose 0*u = -2*u + s. Give a(u).
24
Let p(i) = -610 - 603 + 1210 + 181*i**2 + 7*i - 182*i**2. Suppose 2*h = -c - 3*c + 20, 5*h - 26 = -4*c. Suppose h*t + 3 = 13. Determine p(t).
7
Let c(m) = -82 + 27 + 250*m**2 - 17*m + 39 - 238*m**2. Give c(-1).
13
Let j(h) = 11*h - 1. Let q(m) = -3*m + 2. Let k be 3/2 + (-45)/6 + 8. Let c(z) = k*q(z) + j(z). Give c(-2).
-7
Suppose -2*h = -4 - 0. Let n(m) = -m**3 - 5*m**2 - 6*m - 1. Let a be n(-4). Let t(o) = a*o + 6953 - 6953. Calculate t(h).
14
Let t(x) = 2 - 9 + 6. Let u(c) = -c**2 + 8*c + 1. Let v = 75 + -76. Let l(i) = v*u(i) - 2*t(i). Determine l(9).
10
Let i = 4806 - 4814. Let k(b) = -b**2 - 6*b - 28. Give k(i).
-44
Suppose 11*n - 21 = -21. Let w(z) = -6*z**3 + n*z**3 - z + 5*z**3 - 18 + 16 - 5*z**2. Calculate w(-5).
3
Suppose -50*t = -44*t - 24. Suppose 2*k - 3*i = 5*k + 3, 4*k - 2*i + t = 0. Let m(n) = -7*n**3 + n + n**2 - n**2. Calculate m(k).
6
Let u(y) be the first derivative of -y**5/20 + y**4/12 - y**3/3 + y**2/2 + 53*y + 34. Let x(w) be the first derivative of u(w). Determine x(2).
-7
Let p(s) be the first derivative of -s**3/3 - 9*s**2/2 - 6*s + 856. What is p(-8)?
2
Let w(j) be the third derivative of j**6/12 + j**5/30 + j**4/12 + j**3/6 - 502*j**2. Calculate w(-2).
-75
Let n = -3285 - -3302. Let g(y) = y**3 - 19*y**2 + 30*y + 68. What is g(n)?
0
Let k(y) = y**2 + 5*y - 6. Let v = 115 - 73. Let d(i) = -i**2 + 16*i + 89. Let m be d(20). Suppose -m*s = -2*s + v. Calculate k(s).
0
Let t = -217 + 247. Let j(g) = -15*g - 15*g + t*g + g**2 + 1. Calculate j(1).
2
Let q(v) = -33*v**2 + v + 1. Let o = 865 - 847. Suppose -5*i = w + 6, i = -w - 20 + o. What is q(w)?
-33
Let u(c) = c**2 - 10*c + 13. Let f be 0 + ((-1)/(-2) - 45/(-10)). Calculate u(f).
-12
Let s(p) = 5*p**3 - 12*p**2 + 17*p - 2. Let t(b) = 8*b**3 - 22*b**2 + 28*b - 4. Let h(a) = 5*s(a) - 3*t(a). What is h(-6)?
-4
Let b(h) = -h**3 - 6*h**2 + 6*h + 30. Suppose 2 + 4 = -103*y + 102*y. What is b(y)?
-6
Let s(p) = p. Suppose j + 3*w - 18 = 0, 5*w = 4*j - 59 - 47. Suppose -28*h = -j*h - 4. What is s(h)?
1
Suppose -54*s + 51*s + 42 = 0. Suppose s*a - 2 = 13*a. Let j(v) = 7*v**2 - 3*v + 1. Calculate j(a).
23
Let l(x) = x**3 + 6*x**2 - 7*x + 17. Let i = 704 - 711. What is l(i)?
17
Let u(l) = -4*l - 184. Let i = -917 - -871. Give u(i).
0
Let n(o) = 2*o**2 - 2 - 8 + 2637*o - 2646*o + 2 - 11. Determine n(9).
62
Let r(j) = 1 - 2*j - j**3 + 2*j**3 + 0*j + 4*j. Let s be (-4)/(-14) - ((-1494)/(-415))/(21/(-10)). Give r(s).
13
Let s(d) = 50*d - 503. Let z(b) = -12*b + 117. Let r(w) = -2*s(w) - 9*z(w). Calculate r(7).
9
Let t(z) = -z**3 - 7*z**2 - 10*z - 9. Let n(j) = 3*j + 12. Let i = 11 - -10. Suppose 5*v + 5*a + 9 = v, -2*v + 3*a = i. Let s be n(v). Calculate t(s).
15
Suppose 11 + 4 = 3*v. Let d(y) = -46*y - 1103. Let f(x) = -3*x - 69. Let a(m) = -d(m) + 16*f(m). Determine a(v).
-11
Let v(b) = -b**2 + 4*b + 6. Suppose -2*s + 1 = 5*g, -9 = -5*g - 4*s + 6*s. Suppose -5*u - g = 49. Let y be (-48)/u - 2/(-10). Give v(y).
1
Let h(r) = r + 6*r + 69 + 7*r + 4*r + r. Let u be h(-4). Let v(x) = x**3 + 7*x**2 + 3*x + 10. What is v(u)?
-11
Suppose -5*g - 145 = -z, -z + 0*z - 3*g = -129. Suppose -4*m - z = -9*m. Let k be (-52)/(-9) + 6/m. Let w(s) = s**3 - 7*s**2 + 6*s - 7. What is w(k)?
-7
Let m = 2844 - 2840. Let z(x) = x**2 - 2*x + 15. Calculate z(m).
23
Let o(j) be the third derivative of j**5/30 + 5*j**4/24 + 7*j**3/3 + 18*j**2 - 21. Give o(-3).
17
Let u be -3 - (1 + -3) - (-5)/1. Let s(f) = 2*f + 1. Let t be 2/(-7) + 185/35. Let p(h) = -3*h - 2. Let c(r) = t*s(r) + 3*p(r). Give c(u).
3
Let b(w) = w**3 + 8*w**2 + 8*w + 11. Let a = 45 - 45. Suppose 6 = -f + 5*i - 6, f + 3*i + 4 = a. Calculate b(f).
4
Let z(w) = -4 + 4*w + w - w**2 + 5 + 5. Let o(i) = i**2 - 4*i - 4. Let l(v) = 3*o(v) + 4*z(v). Let q = 18 + -8. Determine l(q).
-8
Let n(s) = -12*s - 7. Let o(w) = w**2 + 4*w - 288. Let p be o(15). Determine n(p).
29
Let f be 2*4 + 88/22 + -5. Let h(g) = -6*g**2 - 6*g**3 + 1 + 5*g**3 - f + g. Calculate h(-6).
-12
Let h(c) = -3*c**3 - c**2 + 1. Let a(v) = 3*v**2 - 17*v - 20. Let p be a(-5). Let u = p + -139. Determine h(u).
-3
Let a = 75 + -72. Suppose -2*i + 1 - a = 3*d, 3*i + 3*d = 3. Suppose i*u - u - 2*n = 6, -3*n = 2*u - 15. Let f(h) = h. Determine f(u).
3
Let l(b) = 7*b. Suppose 3*j - 7*k = -4*k - 726, j + 5*k + 272 = 0. Let g = j + 252. Calculate l(g).
35
Let g(o) = 30 + 42*o - 8 - 23*o - 36*o + 11*o**2 - 5*o. Determine g(1).
11
Let n(v) = 2*v**3 - 27*v**2 - 47*v + 22. Let o be (3840/(-56))/(-16)*28/8. Give n(o).
-8
Let v(s) = s**3 - 35*s**2 + 97*s - 28. Let b be v(32). Let w(m) = b*m**2 - 5*m - m - 12*m**2 + 10*m**2 - m**2 + 6. Let r = -5 - -9. Calculate w(r).
-2
Let x = -673 + 677. Let u(z) = -3*z**2 - 6*z - 2. What is u(x)?
-74
Let o(b) be the first derivative of 3*b**2/2 - 54*b - 94. Let k(m) = -2*m + 36. Let q(s) = -7*k(s) - 5*o(s). Determine q(14).
4
Let m(s) = -33*s + 225. Let n(z) = -29*z**2 - 350*z - 17. Let w be n(-12). Give m(w).
-6
Suppose 2*r + 5*b = 3*r + 20, -4*r + b - 4 = 0. Let x(d) = 11 - 7307*d**2 - 3*d + 4*d + 5*d**3 - 4*d**3 + 7306*d**2. Calculate x(r).
11
Let f(g) be the first derivative of g**3/3 + g**2/2 - 24*g + 11. Suppose -4*q + r + 7 = 0, -6*q - 2*r - 14 = -10*q. Give f(q).
-24
Let v(l) be the first derivative of -l**4/2 - 2*l**3/3 + l**2/2 - 5*l - 3344. What is v(0)?
-5
Suppose 5*f - 8 = -2*x, 0*x = -2*x - 2. Let y(k) = 12 - k**f + 221*k - 2 - 229*k. Give y(-9).
1
Let f(x) = x**3 + 5*x**2 + 6*x + 6. Let r be (3/5 + -1)/((-28)/4340). Let l = -2 - 64. Let s = l + r. Determine f(s).
-2
Let p(g) be the first derivative of 23*g**4/4 + 2*g**3/3 - 3*g**2/2 + 2*g + 267. Determine p(1).
24
Let x(y) = -2*y**3 + y**2 + y + 1. Let g(w) = 59*w + 5*w**3 - 25*w - 25*w - 16*w. Let b(r) = g(r) + 3*x(r). Calculate b(3).
-9
Suppose 0 = -4*p - 2*c - 418, p + 67 = 3*c - 20. Let b = p + 104. Let q(s) = 6*s - 2. What is q(b)?
10
Let n(w) be the second derivative of -1/3*w**3 + 3/2*w**2 - 54*w + 0. Give n(-3).
9
Let z(o) = o**2 + 6*o - 3. Suppose 0 = -5*r + 20, -4*r - 2 - 14 = 4*f. Let y be z(f). Let w(l) = -l + 6*l + 7*l**2 - y*l + l**3 - 4. Give w(-8).
-4
Let z(v) = v**3 + 6*v**2 + 6*v + 3. Suppose 7*q = 1 - 64. Let n(k) = -k**2 - 13*k + 3. Let j be n(q). Let a = j + -43. What is z(a)?
11
Let h(m) = -27*m + 165. Let d be h(6). Suppose 5 = -y + d. Let n(x) = 1 - 2 + 2 + 2*x. What is n(y)?
-3
Let x(i) = -i**2 + 5*i - 6. Suppose -5*b = -5*l + 5, -4*b + 3*b - 5 = -2*l. Let n be x(b). Let r(c) = c**3 - 9. Calculate r(n).
-9
Let y(i) = 4*i - 66. Let p(g) = -7*g - 4. Let r be p(-3). Let m be y(r). Let s(a) = -a**3 + 3*a**2 - 2*a. Calculate s(m).
0
Suppose 0 = 5*m + 3*b - 2 - 6, 0 = -5*m + 5*b + 40. Suppose -4*t - m = -12. Let x(u) = 17*u**t - 5*u**2 - 9*u**2 - 2 - 1 - 3*u. Calculate x(-2).
15
Let r be (21 - (-1192)/(-56))/((-1)/7). Let g(d) be the second derivative of -1/6*d**3 + d + 0 + 1/2*d**2. Calculate g(r).
-1
Let s = 225 + -96. Let i = s + -124. Let b(t) = 2*t + 2. Calculate b(i).
12
Let v(t) be the third derivative of -t**6/120 + 11*t**5/30 - 19*t**4/24 - 37*t**3/6 + 24*t**2 + 28. Determine v(21).
5
Let i be 4/(-30) - 488/(-60). Let b(x) = 4*x**2 + x + 1 + x**3 + i*x - 7*x. Suppose -2 = 2*n - n + h, 0 = 2*n - 5*h + 4. What is b(n)?
5
Let x(v) = 3*v**3 - 65*v**2 + 6 - 4*v + 66*v**2 - 5*v**3. Calculate x(0).
6
Let q(b) be the first derivative of b**3/3 + 3*b + 19. Let x(o) = -o - 9. Suppose l + 4*l = -45. Let u be x(l). Calculate q(u).
3
Let f(y) = 42*y**3 + 24*y**3 + 25*y**3 + 2*y + 3*y**2 - 92*y**3 - 2*y**2. Let b = -28 - -30. Give f(b).
0
Let t(k) = -8*k**2 + 5*k + 1. Let j be 1*9 - (-684)/(-57). Let s(n) = -10*n**2 + 7*n. Let r(v) = j*s(v) + 4*t(v). Calculate r(4).
-32
Let l = 322 + -322. Suppose l*h + 2*f - 10 = -2*h, 5*h = -2*f + 28.